{"id":407,"date":"2025-06-24T18:10:49","date_gmt":"2025-06-24T16:10:49","guid":{"rendered":"https:\/\/www.groov-it.fr\/boutique\/produit\/casquette-retro-trucker-flexfit-6606-black-black\/"},"modified":"2026-04-01T15:30:54","modified_gmt":"2026-04-01T13:30:54","slug":"casquette-retro-trucker-flexfit-6606-black-black","status":"publish","type":"product","link":"https:\/\/www.groov-it.fr\/boutique\/produit\/casquette-retro-trucker-flexfit-6606-black-black\/","title":{"rendered":"Casquette r\u00e9tro trucker | Flexfit 6606 black  black"},"content":{"rendered":"<p>Une casquette classique et \u00e9l\u00e9gante qui allie tradition et modernit\u00e9.<\/p>\n<ul>\n<li>Fabriqu\u00e9e avec des pans en maille de grande qualit\u00e9 pour une respirabilit\u00e9 optimale.<\/li>\n<li>Elle est dot\u00e9e de buckram dur et d&#8217;un design structur\u00e9 pour la durabilit\u00e9 et la conservation de la forme.<\/li>\n<li>\u00c9quip\u00e9e d&#8217;une fermeture snapback en plastique assortie pour un ajustement parfait.<\/li>\n<li>La visi\u00e8re est agr\u00e9ment\u00e9e d&#8217;une sous-visi\u00e8re assortie et de surpiq\u00fbres sur la visi\u00e8re.<\/li>\n<\/ul>\n<p><strong>Instructions d&#8217;entretien<\/strong><\/p>\n<table>\n<tr>\n<td>G\u00e9n\u00e9ral<\/td>\n<td>La casquette trucker r\u00e9tro Flexfit 6606 est un classique moderne, offrant \u00e0 la fois style et praticit\u00e9, ce qui en fait un choix populaire pour un large \u00e9ventail d&#8217;activit\u00e9s et de tenues vestimentaires.<\/td>\n<\/tr>\n<tr>\n<td>Lavage<\/td>\n<td>Pour pr\u00e9server la qualit\u00e9 et l&#8217;aspect de la casquette, il est recommand\u00e9 de la manipuler avec pr\u00e9caution lors du nettoyage.<\/td>\n<\/tr>\n<tr>\n<td>S\u00e9chage<\/td>\n<td>Le s\u00e9chage \u00e0 l&#8217;air est conseill\u00e9 pour pr\u00e9server l&#8217;int\u00e9grit\u00e9 des mat\u00e9riaux et du design de la casquette.<\/td>\n<\/tr>\n<tr>\n<td>Rangement<\/td>\n<td>Conserver la casquette dans un endroit frais et sec pour \u00e9viter qu&#8217;elle ne s&#8217;ab\u00eeme et qu&#8217;elle ne se d\u00e9t\u00e9riore.<\/td>\n<\/tr>\n<\/table>\n","protected":false},"excerpt":{"rendered":"<p>Une casquette classique et \u00e9l\u00e9gante qui allie tradition et modernit\u00e9. Fabriqu\u00e9e avec des pans en maille de grande qualit\u00e9 pour une respirabilit\u00e9 optimale. Elle est dot\u00e9e de buckram dur et d&#8217;un design structur\u00e9 pour la durabilit\u00e9 et la conservation de la forme. \u00c9quip\u00e9e d&#8217;une fermeture snapback en plastique assortie pour un ajustement parfait. La visi\u00e8re [&hellip;]<\/p>\n","protected":false},"featured_media":537,"comment_status":"open","ping_status":"closed","template":"","meta":[],"product_brand":[],"product_cat":[15],"product_tag":[],"class_list":{"0":"post-407","1":"product","2":"type-product","3":"status-publish","4":"has-post-thumbnail","6":"product_cat-non-classe","8":"first","9":"instock","10":"featured","11":"shipping-taxable","12":"purchasable","13":"product-type-variable","14":"has-default-attributes"},"_links":{"self":[{"href":"https:\/\/www.groov-it.fr\/boutique\/wp-json\/wp\/v2\/product\/407","targetHints":{"allow":["GET"]}}],"collection":[{"href":"https:\/\/www.groov-it.fr\/boutique\/wp-json\/wp\/v2\/product"}],"about":[{"href":"https:\/\/www.groov-it.fr\/boutique\/wp-json\/wp\/v2\/types\/product"}],"replies":[{"embeddable":true,"href":"https:\/\/www.groov-it.fr\/boutique\/wp-json\/wp\/v2\/comments?post=407"}],"wp:featuredmedia":[{"embeddable":true,"href":"https:\/\/www.groov-it.fr\/boutique\/wp-json\/wp\/v2\/media\/537"}],"wp:attachment":[{"href":"https:\/\/www.groov-it.fr\/boutique\/wp-json\/wp\/v2\/media?parent=407"}],"wp:term":[{"taxonomy":"product_brand","embeddable":true,"href":"https:\/\/www.groov-it.fr\/boutique\/wp-json\/wp\/v2\/product_brand?post=407"},{"taxonomy":"product_cat","embeddable":true,"href":"https:\/\/www.groov-it.fr\/boutique\/wp-json\/wp\/v2\/product_cat?post=407"},{"taxonomy":"product_tag","embeddable":true,"href":"https:\/\/www.groov-it.fr\/boutique\/wp-json\/wp\/v2\/product_tag?post=407"}],"curies":[{"name":"wp","href":"https:\/\/api.w.org\/{rel}","templated":true}]}}